{"id":2149,"date":"2025-08-24T04:34:03","date_gmt":"2025-08-24T01:34:03","guid":{"rendered":"https:\/\/bk-casino-bet.top\/?page_id=2149"},"modified":"2025-08-24T04:47:01","modified_gmt":"2025-08-24T01:47:01","slug":"main-az","status":"publish","type":"page","link":"https:\/\/bk-casino-bet.top\/az\/","title":{"rendered":"MAIN AZ"},"content":{"rendered":"","protected":false},"excerpt":{"rendered":"","protected":false},"author":1,"featured_media":0,"parent":0,"menu_order":0,"comment_status":"closed","ping_status":"closed","template":"home-new.php","meta":{"_acf_changed":false,"footnotes":""},"class_list":["post-2149","page","type-page","status-publish","hentry"],"acf":[],"yoast_head":"<!-- This site is optimized with the Yoast SEO plugin v26.8 - https:\/\/yoast.com\/product\/yoast-seo-wordpress\/ -->\n<title>1xBet \u2013 m\u0259rcl\u0259r \u00fc\u00e7\u00fcn g\u00fcn\u00fcn 24 saat\u0131 rahat giri\u015f v\u0259 oynamaq imkan\u0131<\/title>\n<meta name=\"description\" content=\"Sayt 1xBet geni\u015f funksionall\u0131\u011f\u0131 v\u0259 rahat naviqasiyas\u0131 il\u0259 se\u00e7ilir. \u0130stifad\u0259\u00e7il\u0259r h\u0259m canl\u0131, h\u0259m d\u0259 premat\u00e7 m\u0259rcl\u0259rd\u0259 y\u00fcks\u0259k \u0259msallarla oynaya, el\u0259c\u0259 d\u0259 qeydiyyat v\u0259 depozit \u00fc\u00e7\u00fcn c\u0259lbedici bonuslardan yararlana bilirl\u0259r.\" \/>\n<meta name=\"robots\" content=\"index, follow, max-snippet:-1, max-image-preview:large, max-video-preview:-1\" \/>\n<link rel=\"canonical\" href=\"https:\/\/bk-casino-bet.top\/az\/\" \/>\n<meta property=\"og:locale\" content=\"ru_RU\" \/>\n<meta property=\"og:type\" content=\"article\" \/>\n<meta property=\"og:title\" content=\"1xBet \u2013 m\u0259rcl\u0259r \u00fc\u00e7\u00fcn g\u00fcn\u00fcn 24 saat\u0131 rahat giri\u015f v\u0259 oynamaq imkan\u0131\" \/>\n<meta property=\"og:description\" content=\"Sayt 1xBet geni\u015f funksionall\u0131\u011f\u0131 v\u0259 rahat naviqasiyas\u0131 il\u0259 se\u00e7ilir. \u0130stifad\u0259\u00e7il\u0259r h\u0259m canl\u0131, h\u0259m d\u0259 premat\u00e7 m\u0259rcl\u0259rd\u0259 y\u00fcks\u0259k \u0259msallarla oynaya, el\u0259c\u0259 d\u0259 qeydiyyat v\u0259 depozit \u00fc\u00e7\u00fcn c\u0259lbedici bonuslardan yararlana bilirl\u0259r.\" \/>\n<meta property=\"og:url\" content=\"https:\/\/bk-casino-bet.top\/az\/\" \/>\n<meta property=\"og:site_name\" content=\"bk-casino-bet.top\" \/>\n<meta property=\"article:modified_time\" content=\"2025-08-24T01:47:01+00:00\" \/>\n<meta name=\"twitter:card\" content=\"summary_large_image\" \/>\n<script type=\"application\/ld+json\" class=\"yoast-schema-graph\">{\"@context\":\"https:\/\/schema.org\",\"@graph\":[{\"@type\":\"WebPage\",\"@id\":\"https:\/\/bk-casino-bet.top\/az\/\",\"url\":\"https:\/\/bk-casino-bet.top\/az\/\",\"name\":\"1xBet \u2013 m\u0259rcl\u0259r \u00fc\u00e7\u00fcn g\u00fcn\u00fcn 24 saat\u0131 rahat giri\u015f v\u0259 oynamaq imkan\u0131\",\"isPartOf\":{\"@id\":\"https:\/\/bk-casino-bet.top\/#website\"},\"datePublished\":\"2025-08-24T01:34:03+00:00\",\"dateModified\":\"2025-08-24T01:47:01+00:00\",\"description\":\"Sayt 1xBet geni\u015f funksionall\u0131\u011f\u0131 v\u0259 rahat naviqasiyas\u0131 il\u0259 se\u00e7ilir. \u0130stifad\u0259\u00e7il\u0259r h\u0259m canl\u0131, h\u0259m d\u0259 premat\u00e7 m\u0259rcl\u0259rd\u0259 y\u00fcks\u0259k \u0259msallarla oynaya, el\u0259c\u0259 d\u0259 qeydiyyat v\u0259 depozit \u00fc\u00e7\u00fcn c\u0259lbedici bonuslardan yararlana bilirl\u0259r.\",\"breadcrumb\":{\"@id\":\"https:\/\/bk-casino-bet.top\/az\/#breadcrumb\"},\"inLanguage\":\"ru-RU\",\"potentialAction\":[{\"@type\":\"ReadAction\",\"target\":[\"https:\/\/bk-casino-bet.top\/az\/\"]}]},{\"@type\":\"BreadcrumbList\",\"@id\":\"https:\/\/bk-casino-bet.top\/az\/#breadcrumb\",\"itemListElement\":[{\"@type\":\"ListItem\",\"position\":1,\"name\":\"\u0413\u043b\u0430\u0432\u043d\u0430\u044f \u0441\u0442\u0440\u0430\u043d\u0438\u0446\u0430\",\"item\":\"https:\/\/bk-casino-bet.top\/\"},{\"@type\":\"ListItem\",\"position\":2,\"name\":\"MAIN AZ\"}]},{\"@type\":\"WebSite\",\"@id\":\"https:\/\/bk-casino-bet.top\/#website\",\"url\":\"https:\/\/bk-casino-bet.top\/\",\"name\":\"bk-casino-bet.top\",\"description\":\"\",\"potentialAction\":[{\"@type\":\"SearchAction\",\"target\":{\"@type\":\"EntryPoint\",\"urlTemplate\":\"https:\/\/bk-casino-bet.top\/?s={search_term_string}\"},\"query-input\":{\"@type\":\"PropertyValueSpecification\",\"valueRequired\":true,\"valueName\":\"search_term_string\"}}],\"inLanguage\":\"ru-RU\"}]}<\/script>\n<!-- \/ Yoast SEO plugin. -->","yoast_head_json":{"title":"1xBet \u2013 m\u0259rcl\u0259r \u00fc\u00e7\u00fcn g\u00fcn\u00fcn 24 saat\u0131 rahat giri\u015f v\u0259 oynamaq imkan\u0131","description":"Sayt 1xBet geni\u015f funksionall\u0131\u011f\u0131 v\u0259 rahat naviqasiyas\u0131 il\u0259 se\u00e7ilir. \u0130stifad\u0259\u00e7il\u0259r h\u0259m canl\u0131, h\u0259m d\u0259 premat\u00e7 m\u0259rcl\u0259rd\u0259 y\u00fcks\u0259k \u0259msallarla oynaya, el\u0259c\u0259 d\u0259 qeydiyyat v\u0259 depozit \u00fc\u00e7\u00fcn c\u0259lbedici bonuslardan yararlana bilirl\u0259r.","robots":{"index":"index","follow":"follow","max-snippet":"max-snippet:-1","max-image-preview":"max-image-preview:large","max-video-preview":"max-video-preview:-1"},"canonical":"https:\/\/bk-casino-bet.top\/az\/","og_locale":"ru_RU","og_type":"article","og_title":"1xBet \u2013 m\u0259rcl\u0259r \u00fc\u00e7\u00fcn g\u00fcn\u00fcn 24 saat\u0131 rahat giri\u015f v\u0259 oynamaq imkan\u0131","og_description":"Sayt 1xBet geni\u015f funksionall\u0131\u011f\u0131 v\u0259 rahat naviqasiyas\u0131 il\u0259 se\u00e7ilir. \u0130stifad\u0259\u00e7il\u0259r h\u0259m canl\u0131, h\u0259m d\u0259 premat\u00e7 m\u0259rcl\u0259rd\u0259 y\u00fcks\u0259k \u0259msallarla oynaya, el\u0259c\u0259 d\u0259 qeydiyyat v\u0259 depozit \u00fc\u00e7\u00fcn c\u0259lbedici bonuslardan yararlana bilirl\u0259r.","og_url":"https:\/\/bk-casino-bet.top\/az\/","og_site_name":"bk-casino-bet.top","article_modified_time":"2025-08-24T01:47:01+00:00","twitter_card":"summary_large_image","schema":{"@context":"https:\/\/schema.org","@graph":[{"@type":"WebPage","@id":"https:\/\/bk-casino-bet.top\/az\/","url":"https:\/\/bk-casino-bet.top\/az\/","name":"1xBet \u2013 m\u0259rcl\u0259r \u00fc\u00e7\u00fcn g\u00fcn\u00fcn 24 saat\u0131 rahat giri\u015f v\u0259 oynamaq imkan\u0131","isPartOf":{"@id":"https:\/\/bk-casino-bet.top\/#website"},"datePublished":"2025-08-24T01:34:03+00:00","dateModified":"2025-08-24T01:47:01+00:00","description":"Sayt 1xBet geni\u015f funksionall\u0131\u011f\u0131 v\u0259 rahat naviqasiyas\u0131 il\u0259 se\u00e7ilir. \u0130stifad\u0259\u00e7il\u0259r h\u0259m canl\u0131, h\u0259m d\u0259 premat\u00e7 m\u0259rcl\u0259rd\u0259 y\u00fcks\u0259k \u0259msallarla oynaya, el\u0259c\u0259 d\u0259 qeydiyyat v\u0259 depozit \u00fc\u00e7\u00fcn c\u0259lbedici bonuslardan yararlana bilirl\u0259r.","breadcrumb":{"@id":"https:\/\/bk-casino-bet.top\/az\/#breadcrumb"},"inLanguage":"ru-RU","potentialAction":[{"@type":"ReadAction","target":["https:\/\/bk-casino-bet.top\/az\/"]}]},{"@type":"BreadcrumbList","@id":"https:\/\/bk-casino-bet.top\/az\/#breadcrumb","itemListElement":[{"@type":"ListItem","position":1,"name":"\u0413\u043b\u0430\u0432\u043d\u0430\u044f \u0441\u0442\u0440\u0430\u043d\u0438\u0446\u0430","item":"https:\/\/bk-casino-bet.top\/"},{"@type":"ListItem","position":2,"name":"MAIN AZ"}]},{"@type":"WebSite","@id":"https:\/\/bk-casino-bet.top\/#website","url":"https:\/\/bk-casino-bet.top\/","name":"bk-casino-bet.top","description":"","potentialAction":[{"@type":"SearchAction","target":{"@type":"EntryPoint","urlTemplate":"https:\/\/bk-casino-bet.top\/?s={search_term_string}"},"query-input":{"@type":"PropertyValueSpecification","valueRequired":true,"valueName":"search_term_string"}}],"inLanguage":"ru-RU"}]}},"amp_enabled":true,"_links":{"self":[{"href":"https:\/\/bk-casino-bet.top\/wp-json\/wp\/v2\/pages\/2149","targetHints":{"allow":["GET"]}}],"collection":[{"href":"https:\/\/bk-casino-bet.top\/wp-json\/wp\/v2\/pages"}],"about":[{"href":"https:\/\/bk-casino-bet.top\/wp-json\/wp\/v2\/types\/page"}],"author":[{"embeddable":true,"href":"https:\/\/bk-casino-bet.top\/wp-json\/wp\/v2\/users\/1"}],"replies":[{"embeddable":true,"href":"https:\/\/bk-casino-bet.top\/wp-json\/wp\/v2\/comments?post=2149"}],"version-history":[{"count":4,"href":"https:\/\/bk-casino-bet.top\/wp-json\/wp\/v2\/pages\/2149\/revisions"}],"predecessor-version":[{"id":2168,"href":"https:\/\/bk-casino-bet.top\/wp-json\/wp\/v2\/pages\/2149\/revisions\/2168"}],"wp:attachment":[{"href":"https:\/\/bk-casino-bet.top\/wp-json\/wp\/v2\/media?parent=2149"}],"curies":[{"name":"wp","href":"https:\/\/api.w.org\/{rel}","templated":true}]}}